{"id":1277,"date":"2021-04-24T10:21:24","date_gmt":"2021-04-24T08:21:24","guid":{"rendered":"https:\/\/mediadrone.fr\/?page_id=1277"},"modified":"2021-04-24T22:12:33","modified_gmt":"2021-04-24T20:12:33","slug":"presentation-generale-dactivite-mediadrone","status":"publish","type":"page","link":"https:\/\/mediadrone.fr\/?page_id=1277","title":{"rendered":"pr\u00e9sentation g\u00e9n\u00e9rale d&rsquo;activit\u00e9   MEDIADRONE"},"content":{"rendered":"\t\t<div data-elementor-type=\"wp-page\" data-elementor-id=\"1277\" class=\"elementor elementor-1277\">\n\t\t\t\t\t\t<section class=\"elementor-section elementor-top-section elementor-element elementor-element-194398b elementor-section-boxed elementor-section-height-default elementor-section-height-default\" data-id=\"194398b\" data-element_type=\"section\" data-e-type=\"section\">\n\t\t\t\t\t\t<div class=\"elementor-container elementor-column-gap-default\">\n\t\t\t\t\t<div class=\"elementor-column elementor-col-100 elementor-top-column elementor-element elementor-element-927c7ab\" data-id=\"927c7ab\" data-element_type=\"column\" data-e-type=\"column\">\n\t\t\t<div class=\"elementor-widget-wrap elementor-element-populated\">\n\t\t\t\t\t\t<div class=\"elementor-element elementor-element-c070948 animated-slow elementor-fixed elementor-widget__width-initial elementor-invisible elementor-widget elementor-widget-wp-widget-media_image\" data-id=\"c070948\" data-element_type=\"widget\" data-e-type=\"widget\" data-settings=\"{&quot;_animation&quot;:&quot;zoomInRight&quot;,&quot;_position&quot;:&quot;fixed&quot;,&quot;_animation_tablet&quot;:&quot;none&quot;}\" data-widget_type=\"wp-widget-media_image.default\">\n\t\t\t\t<div class=\"elementor-widget-container\">\n\t\t\t\t\t<img fetchpriority=\"high\" decoding=\"async\" width=\"770\" height=\"428\" src=\"https:\/\/mediadrone.fr\/wp-content\/uploads\/2021\/04\/2018-Drone-Animation-770px.gif\" class=\"image wp-image-1383  attachment-full size-full\" alt=\"\" style=\"max-width: 100%; height: auto;\" \/>\t\t\t\t<\/div>\n\t\t\t\t<\/div>\n\t\t\t\t<div class=\"elementor-element elementor-element-fe7bd25 animated-slow elementor-invisible elementor-widget elementor-widget-image\" data-id=\"fe7bd25\" data-element_type=\"widget\" data-e-type=\"widget\" data-settings=\"{&quot;_animation&quot;:&quot;slideInDown&quot;}\" data-widget_type=\"image.default\">\n\t\t\t\t<div class=\"elementor-widget-container\">\n\t\t\t\t\t\t\t\t\t\t\t\t\t\t\t<img decoding=\"async\" width=\"580\" height=\"329\" src=\"https:\/\/mediadrone.fr\/wp-content\/uploads\/2021\/04\/images-1.jpg\" class=\"attachment-large size-large wp-image-1321\" alt=\"\" srcset=\"https:\/\/mediadrone.fr\/wp-content\/uploads\/2021\/04\/images-1.jpg 800w, https:\/\/mediadrone.fr\/wp-content\/uploads\/2021\/04\/images-1-300x170.jpg 300w, https:\/\/mediadrone.fr\/wp-content\/uploads\/2021\/04\/images-1-768x436.jpg 768w, https:\/\/mediadrone.fr\/wp-content\/uploads\/2021\/04\/images-1-600x341.jpg 600w\" sizes=\"(max-width: 580px) 100vw, 580px\" \/>\t\t\t\t\t\t\t\t\t\t\t\t\t\t\t<\/div>\n\t\t\t\t<\/div>\n\t\t\t\t<div class=\"elementor-element elementor-element-08e47b0 elementor-widget elementor-widget-text-editor\" data-id=\"08e47b0\" data-element_type=\"widget\" data-e-type=\"widget\" data-widget_type=\"text-editor.default\">\n\t\t\t\t<div class=\"elementor-widget-container\">\n\t\t\t\t\t\t\t\t\t<h3><span style=\"color: #ff0000;\">Pour les Professionnels<\/span><\/h3><p><strong><span style=\"color: #000080;\">Le drone peut offrir de nombreux services pour les professionnels de diff\u00e9rents corps de m\u00e9tier en faisant r\u00e9aliser des \u00e9conomies et gagner du temps \u00e0 toutes les professions, allant du b\u00e2timent au travaux publics, de l\u2019architecte \u00e0 l\u2019agriculteur, de l\u2019assureur \u00e0 l\u2019industriel, du commer\u00e7ant \u00e0 l&rsquo;agent immobilier,ect&#8230;<\/span><\/strong><\/p><h3><span style=\"color: #ff0000;\">Pour les Particuliers<\/span><\/h3><p><span style=\"color: #000080;\"><strong>Le drone permet de r\u00e9aliser des vues a\u00e9riennes des \u00e9v\u00e9nements marquants dans votre vie et garder un souvenir en photos ou vid\u00e9os de mariage, f\u00eates, habitation ou autres, mais aussi des prestations plus techniques utilis\u00e9es dans le b\u00e2timent, l&rsquo;immobilier ou les assurances. ect&#8230;<\/strong><\/span><\/p><h4><span style=\"color: #ff0000;\">Cartographie g\u00e9n\u00e9rale<\/span><\/h4><p><strong><span style=\"color: #000080;\">Le drone permet de r\u00e9aliser diff\u00e9rents types de cartographies a\u00e9riennes utilisables par de nombreux corps de m\u00e9tiers par sa rapidit\u00e9 et faible co\u00fbt \u00e0 mettre en place<\/span><\/strong><\/p><h3><br \/><strong><span style=\"color: #ff0000;\">Thermographie<\/span><\/strong><\/h3><p><strong><span style=\"color: #000080;\">la thermographie par drone pour r\u00e9aliser des images a\u00e9riennes infrarouge et visualiser les d\u00e9perditions thermiques, pour contr\u00f4ler, l&rsquo;isolation d&rsquo;une habitation, des panneaux solaires ou rechercher des personnes disparues.les etudes btp.<\/span><\/strong><\/p><h3><span style=\"color: #ff0000;\"><strong>Inspection par drone<\/strong><\/span><\/h3><p><br \/><strong><span style=\"color: #000080;\">L&rsquo;inspection par drone est le moyen id\u00e9al pour inspecter un b\u00e2timent ou autres ouvrages d\u2019art, il permet aux experts sp\u00e9cifique et techniciens de r\u00e9aliser une \u2019inspection a\u00e9rienne des infrastructures et sans risques, avec des images en haute d\u00e9finition mais aussi tout types exploitations cultures, vignes, carri\u00e8res et biens d&rsquo;autres.<\/span><\/strong><\/p><h3><span style=\"color: #ff0000;\"><strong>Vid\u00e9os a\u00e9riennes en drone<\/strong><\/span><\/h3><p><span style=\"color: #000080;\"><strong>D\u00e9couvrez des vid\u00e9os a\u00e9riennes r\u00e9alis\u00e9es avec un drone par notre pilote et cadreur, visualisez quelques exemples de films a\u00e9riens en tr\u00e8s haute d\u00e9finition r\u00e9alis\u00e9s par le t\u00e9l\u00e9-pilote professionnel de la captation d&rsquo;images et de la prise de vue a\u00e9rienne r\u00e9alis\u00e9e selon la r\u00e9glementation de l&rsquo;espace a\u00e9rien.<\/strong><\/span><\/p><h3><strong><span style=\"color: #ff0000;\">Imagerie par drone<\/span><\/strong><\/h3><p><strong><span style=\"color: #000080;\">L&rsquo;imagerie a\u00e9rienne, photographies ou vid\u00e9os par drone et le moyen id\u00e9al et \u00e9conomique pour r\u00e9aliser de magnifiques images a\u00e9riennes du ciel Fran\u00e7ais, des prises de vues r\u00e9alis\u00e9es en full HD ou 6K par des pilotes professionnels d&rsquo;a\u00e9ronefs, selon les r\u00e8gles de l&rsquo;espace a\u00e9rien Fran\u00e7ais<\/span><\/strong><\/p>\t\t\t\t\t\t\t\t<\/div>\n\t\t\t\t<\/div>\n\t\t\t\t\t<\/div>\n\t\t<\/div>\n\t\t\t\t\t<\/div>\n\t\t<\/section>\n\t\t\t\t<\/div>\n\t\t","protected":false},"excerpt":{"rendered":"<p>Pour les Professionnels Le drone peut offrir de nombreux services pour les professionnels de diff\u00e9rents corps de m\u00e9tier en faisant r\u00e9aliser des \u00e9conomies et gagner du temps \u00e0 toutes les professions, allant du b\u00e2timent au travaux publics, de l\u2019architecte \u00e0 l\u2019agriculteur, de l\u2019assureur \u00e0 l\u2019industriel, du commer\u00e7ant \u00e0 l&rsquo;agent immobilier,ect&#8230; Pour les Particuliers Le drone [&hellip;]<\/p>\n","protected":false},"author":1,"featured_media":0,"parent":0,"menu_order":0,"comment_status":"closed","ping_status":"closed","template":"","meta":{"footnotes":""},"class_list":["post-1277","page","type-page","status-publish","hentry"],"_links":{"self":[{"href":"https:\/\/mediadrone.fr\/index.php?rest_route=\/wp\/v2\/pages\/1277","targetHints":{"allow":["GET"]}}],"collection":[{"href":"https:\/\/mediadrone.fr\/index.php?rest_route=\/wp\/v2\/pages"}],"about":[{"href":"https:\/\/mediadrone.fr\/index.php?rest_route=\/wp\/v2\/types\/page"}],"author":[{"embeddable":true,"href":"https:\/\/mediadrone.fr\/index.php?rest_route=\/wp\/v2\/users\/1"}],"replies":[{"embeddable":true,"href":"https:\/\/mediadrone.fr\/index.php?rest_route=%2Fwp%2Fv2%2Fcomments&post=1277"}],"version-history":[{"count":45,"href":"https:\/\/mediadrone.fr\/index.php?rest_route=\/wp\/v2\/pages\/1277\/revisions"}],"predecessor-version":[{"id":1401,"href":"https:\/\/mediadrone.fr\/index.php?rest_route=\/wp\/v2\/pages\/1277\/revisions\/1401"}],"wp:attachment":[{"href":"https:\/\/mediadrone.fr\/index.php?rest_route=%2Fwp%2Fv2%2Fmedia&parent=1277"}],"curies":[{"name":"wp","href":"https:\/\/api.w.org\/{rel}","templated":true}]}}